) = i(p) + 3*k(p). Let w be b(-5). Suppose w*c + c = 90. What is the greatest common factor of c and 15?
15
Let m be (2/2)/(6/138). Let b = m - 11. What is the greatest common divisor of 60 and b?
12
Let y = 114 - 87. Calculate the greatest common divisor of y and 18.
9
Let l be 174/(-9)*(-3)/2. Let m = l + -19. Calculate the greatest common factor of m and 2.
2
Let l = 1 + -4. Let y be (7 - 1)*(-1)/l. Calculate the highest common factor of y and 8.
2
Suppose 0 = -2*n - 0*n + 14. Let j = 8 - -13. Calculate the greatest common divisor of j and n.
7
Let g = 155 - 70. What is the greatest common factor of g and 5?
5
Let q = -122 + 197. Let m(h) = h**2 - 18*h + 95. Let d be m(13). What is the greatest common factor of q and d?
15
Let i be -2*(-2)/5*5. Calculate the greatest common factor of i and 8.
4
Let x(i) = -i**3 + 7*i**2 + 8*i + 8. Let m be x(8). Let r = 0 + -1. Let v be (-4)/3*(-7 - r). Calculate the highest common factor of m and v.
8
Let h be (20/(-4) + -21)*-1. Let k(o) = 26*o**2 + 4 - 4. Let p be k(-2). What is the greatest common factor of p and h?
26
Let v = -43 + 70. Suppose s = 4*t + 10, s = -4*s - 4*t + 98. What is the highest common divisor of v and s?
9
Suppose 0*j - 8 = -2*j. Suppose -3*q + 6 = -2*q + 4*s, 2*s = -j*q + 66. What is the highest common divisor of q and 18?
18
Let w(a) = a**2 - 16*a - 25. Suppose 5*i - p - 2*p = 89, 87 = 5*i - 4*p. Let h be w(i). Let n = -58 + 106. Calculate the highest common factor of n and h.
16
Suppose 0 = -r + 11 + 11. Calculate the greatest common factor of 33 and r.
11
Let o(i) = -5*i - 25. Let v be o(-11). What is the greatest common divisor of 6 and v?
6
Suppose 58 = 4*h - 26. Let l = 45 - h. Suppose 0 = -5*d - 5*u, 4*u + 9 = -3*d + 2*d. Calculate the highest common divisor of l and d.
3
Let o(r) = r**3 - 9*r**2 + 8*r + 10. Let f be o(8). Calculate the highest common divisor of f and 70.
10
Let s(x) = x**2 - 7*x + 7. Let u be s(6). Suppose 5*g - f - 82 + 28 = 0, 2*f + 20 = 2*g. What is the highest common divisor of u and g?
1
Let i = -68 - -77. What is the highest common divisor of i and 54?
9
Let o = -4 + 6. Suppose -2 = 2*v, u - o*u - 3*v = 3. Suppose -4*p + 16 = -u. What is the greatest common divisor of 36 and p?
4
Suppose 5*u = 2*w - 30, -5*w + 41 = 3*u - 3. What is the highest common factor of 90 and w?
10
Let q(c) = c**3 + 6*c**2 - 8*c - 5. Let w be q(-7). What is the highest common factor of 18 and w?
2
Suppose 5*p + 5*j - 15 = 0, 5*p - 2*j = 3*p + 6. Suppose -p*r - 9 = 0, -2*r = g + 2*r. What is the greatest common divisor of g and 12?
12
Let g(a) = a**3 - 7*a**2 + 6*a + 6. Let r be g(6). Let n = r - 3. Suppose n*q = -2 + 14. What is the highest common divisor of 4 and q?
4
Suppose 5*j - q = 53, 2*j - 37 = -4*q - 7. What is the highest common factor of 55 and j?
11
Suppose 18 = -3*w + 5*w. What is the highest common factor of w and 9?
9
Suppose -5*b - 40 = -0*b. Let h = 11 - b. Let k(c) = -171*c**3. Let d be k(-1). What is the highest common factor of h and d?
19
Let f = 12 + 30. Suppose -5*y - 15 = -0*y. Let w = 11 - y. Calculate the highest common factor of w and f.
14
Let t be (6 - -1) + -1 + 3. Calculate the greatest common factor of 99 and t.
9
Suppose 0 = -0*z + z. Suppose -b = -2*n + 2*b + 29, z = 4*n + 2*b - 18. Calculate the greatest common factor of 21 and n.
7
Suppose 56 = 9*h - 7*h. Calculate the greatest common divisor of 4 and h.
4
Let i(l) = l**3 + 10*l**2 + 9*l + 4. Let g be i(-9). Let a = g - 1. What is the greatest common divisor of a and 2?
1
Let d = -176 - -220. Let u = 142 - 76. What is the greatest common divisor of u and d?
22
Let v be (49 + -2)*1 + 14/(-7). Calculate the highest common divisor of 9 and v.
9
Let g = 15 + 69. Calculate the highest common factor of 14 and g.
14
Let u(k) = k**3 - 5*k**2 + 5*k + 3. Let c be u(5). Suppose -h = -2 - 2. Calculate the greatest common divisor of c and h.
4
Suppose 3 = -2*s - s. Let p = 7 + s. Calculate the highest common divisor of p and 2.
2
Let a = 4 + 19. Calculate the highest common divisor of a and 23.
23
Let v = 147 + -87. What is the highest common divisor of 24 and v?
12
Suppose -36 = -3*l - 99. Let w = l - -60. Calculate the highest common divisor of w and 13.
13
Let g(u) = 32*u - 8. Let l be g(1). What is the highest common divisor of 16 and l?
8
Let s = 42 + -3. What is the highest common divisor of s and 78?
39
Suppose 5*t = 3*c - 1, 4*t + 5 = 3*c - 0*t. Suppose -21 - 3 = -4*z. Let d be 502/c + z/21. What is the highest common factor of 9 and d?
9
Let x = 5 + -1. Calculate the greatest common factor of x and 8.
4
Suppose -82 + 7 = -5*t. What is the highest common divisor of t and 165?
15
Let p be (-556)/9 + (-2)/9. Let c = 110 + p. Calculate the greatest common divisor of 6 and c.
6
Let w(k) = 4*k**2 + 7*k + 4. Let s be w(-5). Suppose -5*c + s - 9 = 0. What is the highest common divisor of 96 and c?
12
Let q = 54 - 36. Suppose 5*y - 50 = -8*w + 3*w, -2*y = -4*w + 34. What is the greatest common divisor of w and q?
9
Let l be (-460)/(-7) + 3 + (-76)/28. Calculate the highest common divisor of l and 165.
33
Let o be (6/4)/((-15)/(-40)). Suppose 0 = o*q - 2 - 2. Let b be (3*(-69)/(-9))/q. Calculate the highest common factor of b and 253.
23
Let j be 14/3 + (-2)/3. Let i = j - -140. Calculate the highest common divisor of 16 and i.
16
Suppose 4*v = -2*s + 34, -5*s = 2*v - 1 - 4. Let i = v - 6. Calculate the greatest common factor of 28 and i.
4
Let v(d) = 29*d**2 - d - 1. Let c be 6/(1 - 6/9). Let w be c/(-12) - (-1)/(-2). Let i be v(w). What is the greatest common factor of 13 and i?
13
Let p(u) = u**2 - 12*u + 14. Let r be p(12). Calculate the highest common divisor of r and 112.
14
Let i = -60 - -76. Let g(b) = 63*b**2 + 1. Let k be g(1). Calculate the highest common factor of k and i.
16
Suppose -5*a + 40 + 0 = 0. What is the highest common factor of a and 40?
8
Let a(g) = 13*g**3 - g**2 - g + 1. Let q be a(1). Let s = -6 - -4. Let z be (3/6)/(s/(-528)). What is the greatest common factor of z and q?
12
Let f be ((-9)/12)/((-1)/4). Suppose 5*r - r - t = 396, 5*r + f*t = 495. Calculate the highest common divisor of r and 9.
9
Let b = -7 + 5. Let a be ((-48)/b)/(12/66). What is the greatest common divisor of 12 and a?
12
Let q(t) = -t**3 + 6*t**2 + t. Let k be q(6). Let w = 29 + 19. What is the highest common factor of k and w?
6
Let j = 6 + -2. Let z = -13 + j. Let a = z - -45. What is the greatest common divisor of a and 24?
12
Let t = -24 + 47. Let u = 611 + -358. Calculate the highest common factor of t and u.
23
Let w(d) be the second derivative of d**4/2 + d**3/6 - d. Let a be w(1). Let x = a - 4. What is the greatest common divisor of 2 and x?
1
Suppose -7*i + 189 + 231 = 0. What is the highest common factor of 48 and i?
12
Suppose -2*b + 56 = 2*b + 5*j, -57 = -5*b - 3*j. Calculate the highest common factor of 6 and b.
3
Suppose -33*l = -31*l - 50. Calculate the greatest common factor of 5 and l.
5
Suppose g + 6*a - 46 = a, -12 = -3*a. Let s = 858 + -598. What is the greatest common factor of s and g?
26
Let s(y) = y**3 + y**2 - y + 6. Let h be s(0). Let i = h - -8. Let p = -41 + 69. What is the highest common divisor of p and i?
14
Let c be (2 - 1)*39/3. Calculate the greatest common divisor of 39 and c.
13
Suppose -3*a - 3*y = 2*a + 1, -3 = 5*a + 4*y. Calculate the highest common factor of a and 11.
1
Let s be 60*(1 - (-3)/(-5)). Calculate the highest common divisor of 36 and s.
12
Suppose -5*b = -0*b - 30. Calculate the highest common factor of 48 and b.
6
Suppose -5*l = -12 - 13. Let h = 7 - 5. Suppose -h + l = q. Calculate the greatest common divisor of 2 and q.
1
Suppose -3*v - 7 = 5*w - 42, 5*v - 33 = -2*w. Let i = -15 + 30. Calculate the highest common factor of v and i.
5
Suppose -5*i = -35 - 25. What is the highest common divisor of i and 132?
12
Suppose -3*q + 4*t + 3 = 6, 3 = t. Let c = q - 2. Calculate the greatest common divisor of 1 and c.
1
Let i be -2*(11/(-2) + 3). What is the highest common factor of i and 85?
5
Suppose 36 + 39 = -4*n - 3*c, -40 = 3*n - c. Let r = n + 29. Calculate the highest common divisor of r and 21.
7
Let u be 596/16 + (-3)/12. Let x = 172 + u. What is the greatest common factor of 19 and x?
19
Let d(n) = 36*n**2 + 7*n - 5. Let y be d(4). Let g = y + -428.